{"id":2,"date":"2013-02-04T21:03:41","date_gmt":"2013-02-04T20:03:41","guid":{"rendered":"http:\/\/www.fashionbarcelona.com\/blog\/?page_id=2"},"modified":"2021-02-17T18:38:47","modified_gmt":"2021-02-17T17:38:47","slug":"cursos-courses","status":"publish","type":"page","link":"https:\/\/www.fashionbarcelona.com\/blog\/cursos-courses\/","title":{"rendered":"cursos\/courses"},"content":{"rendered":"<div id=\"attachment_1389\" style=\"width: 884px\" class=\"wp-caption aligncenter\"><a href=\"http:\/\/www.fashionbarcelona.com\/blog\/wp-content\/uploads\/2013\/02\/IED-LA-PEDRERA.jpg\"><img loading=\"lazy\" decoding=\"async\" aria-describedby=\"caption-attachment-1389\" class=\" wp-image-1389 \" src=\"http:\/\/www.fashionbarcelona.com\/blog\/wp-content\/uploads\/2013\/02\/IED-LA-PEDRERA-1024x663.jpg\" alt=\"IED Barcelona stand, The Shopping Night (28 Nov 2013)\" width=\"874\" height=\"565\" srcset=\"https:\/\/www.fashionbarcelona.com\/blog\/wp-content\/uploads\/2013\/02\/IED-LA-PEDRERA-1024x663.jpg 1024w, https:\/\/www.fashionbarcelona.com\/blog\/wp-content\/uploads\/2013\/02\/IED-LA-PEDRERA-300x194.jpg 300w, https:\/\/www.fashionbarcelona.com\/blog\/wp-content\/uploads\/2013\/02\/IED-LA-PEDRERA.jpg 1920w\" sizes=\"auto, (max-width: 874px) 100vw, 874px\" \/><\/a><p id=\"caption-attachment-1389\" class=\"wp-caption-text\">IED Barcelona stand, The Shopping Night (28 Nov 2013)<\/p><\/div>\n<p><a href=\"http:\/\/iedbarcelona.es\/en\/school\/\" target=\"_blank\" rel=\"noopener noreferrer\">IED Moda Barcelona<\/a> trains creative fashion professionals to be able to interpret fashion and its expressions. Our students acquire the skills to develop a personal design identity and our alumni work as fashion designers, costume designers, stylists, accessories designers both for major brands and at their own labels. All teachers are active professionals (designers, stylists, photographers, coolhunters\u2026) and the school is located in a totally renovated location in the Gracia neighborhood. The school offers a 3-year <a href=\"http:\/\/iedbarcelona.es\/en\/cursos-info\/ba-hons-fashion-design\/\" target=\"_blank\" rel=\"noopener noreferrer\">BA Hons Fashion Design course<\/a> (taught in English), validated by the prestigious <a href=\"https:\/\/www.westminster.ac.uk\/about-us\/our-university\/global-westminster\/our-partner-institutions\">University of Westminster<\/a>, and an official 4-year University Title \u00a8Titulo de Grado en Ense\u00f1anzas Art\u00edsticas Superiores de Dise\u00f1o\u00a8 in <a href=\"https:\/\/iedbarcelona.es\/cursos-info\/grado-en-diseno-moda\/\" target=\"_blank\" rel=\"noopener noreferrer\">Fashion Design<\/a> or <a href=\"https:\/\/iedbarcelona.es\/cursos-info\/grado-en-diseno-moda-estilismo-comunicacion\/\" target=\"_blank\" rel=\"noopener noreferrer\">Fashion Styling<\/a> (taught in Spanish).&nbsp;<\/p>\n<p><a href=\"http:\/\/iedbarcelona.es\/escuela\/\" target=\"_blank\" rel=\"noopener noreferrer\">IED Moda Barcelona<\/a> forma profesionales creativos capaces de interpretar la moda y sus expresiones de acuerdo con las demandas del mercado. Nuestros alumnos adquieren los conocimientos necesarios para desarrollar una identidad personal y nuestros ex alumnos trabajan como dise\u00f1adores de moda, dise\u00f1adores de vestuario, estilistas, dise\u00f1adores de accesorios tanto para las grandes marcas como en sus propias marcas. Todos los profesores son profesionales en activo (dise\u00f1adores, estilistas, fot\u00f3grafos, coolhunters &#8230;) y la escuela esta ubicado en un sede totalmente renovado en el barrio de Gracia. La escuela ofrece un curso de 3-a\u00f1os de <a href=\"http:\/\/iedbarcelona.es\/cursos-info\/ba-hons-fashion-design\/\" target=\"_blank\" rel=\"noopener noreferrer\">BA Hons Fashion Design<\/a> (impartido en ingl\u00e9s), validado por la prestigiosa <a href=\"https:\/\/www.westminster.ac.uk\/about-us\/our-university\/global-westminster\/our-partner-institutions\" target=\"_blank\" rel=\"noopener noreferrer\">Universidad de Westminster<\/a>, y cursos de 4 a\u00f1os de Titulo de Grado en Ense\u00f1anzas Art\u00edsticas Superiores de Dise\u00f1o en <a href=\"https:\/\/iedbarcelona.es\/cursos-info\/grado-en-diseno-moda\/\" target=\"_blank\" rel=\"noopener noreferrer\">Dise\u00f1o de Moda<\/a> o <a href=\"https:\/\/iedbarcelona.es\/cursos-info\/grado-en-diseno-moda-estilismo-comunicacion\/\" target=\"_blank\" rel=\"noopener noreferrer\">Estilismo y Comunicaci\u00f3n de Moda<\/a> (impartido en espa\u00f1ol).&nbsp;<\/p>\n","protected":false},"excerpt":{"rendered":"<p>IED Moda Barcelona trains creative fashion professionals to be able to interpret fashion and its expressions. Our students acquire the skills to develop a personal design identity and our alumni work as fashion designers, costume designers, stylists, accessories designers both for major brands and at their own labels. All teachers are active professionals (designers, stylists, [&hellip;]<\/p>\n","protected":false},"author":3,"featured_media":0,"parent":0,"menu_order":1,"comment_status":"closed","ping_status":"closed","template":"","meta":{"ngg_post_thumbnail":0,"footnotes":""},"class_list":["post-2","page","type-page","status-publish","hentry"],"post_mailing_queue_ids":[],"_links":{"self":[{"href":"https:\/\/www.fashionbarcelona.com\/blog\/wp-json\/wp\/v2\/pages\/2","targetHints":{"allow":["GET"]}}],"collection":[{"href":"https:\/\/www.fashionbarcelona.com\/blog\/wp-json\/wp\/v2\/pages"}],"about":[{"href":"https:\/\/www.fashionbarcelona.com\/blog\/wp-json\/wp\/v2\/types\/page"}],"author":[{"embeddable":true,"href":"https:\/\/www.fashionbarcelona.com\/blog\/wp-json\/wp\/v2\/users\/3"}],"replies":[{"embeddable":true,"href":"https:\/\/www.fashionbarcelona.com\/blog\/wp-json\/wp\/v2\/comments?post=2"}],"version-history":[{"count":21,"href":"https:\/\/www.fashionbarcelona.com\/blog\/wp-json\/wp\/v2\/pages\/2\/revisions"}],"predecessor-version":[{"id":11040,"href":"https:\/\/www.fashionbarcelona.com\/blog\/wp-json\/wp\/v2\/pages\/2\/revisions\/11040"}],"wp:attachment":[{"href":"https:\/\/www.fashionbarcelona.com\/blog\/wp-json\/wp\/v2\/media?parent=2"}],"curies":[{"name":"wp","href":"https:\/\/api.w.org\/{rel}","templated":true}]}}